{"id":478,"date":"2019-11-30T22:25:58","date_gmt":"2019-11-30T22:25:58","guid":{"rendered":"https:\/\/www.bergtecprotection.com\/flood-barrier-protection\/waterproof-chimney\/"},"modified":"2020-11-26T13:48:10","modified_gmt":"2020-11-26T13:48:10","slug":"capace-etanse-ventilatie","status":"publish","type":"page","link":"https:\/\/www.bergtecprotection.com\/ro\/capace-etanse-ventilatie\/","title":{"rendered":"Capace etan\u0219e de ventila\u021bie"},"content":{"rendered":"<div class=\"wpb-content-wrapper\"><p>[vc_row][vc_column][vc_custom_heading text=&#8221;Capace etan\u0219e de ventila\u021bie&#8221; use_theme_fonts=&#8221;yes&#8221; css=&#8221;.vc_custom_1580038424628{margin-bottom: 34px !important;}&#8221;][vc_custom_heading text=&#8221;&#8221; font_container=&#8221;tag:div|text_align:left&#8221; use_theme_fonts=&#8221;yes&#8221; css=&#8221;.vc_custom_1579979175621{margin-bottom: 34px !important;}&#8221;][vc_tta_tabs style=&#8221;modern&#8221; shape=&#8221;square&#8221; spacing=&#8221;2&#8243; active_section=&#8221;1&#8243; css=&#8221;.vc_custom_1579979045895{margin-top: 34px !important;margin-bottom: 60px !important;}&#8221;][vc_tta_section i_icon_fontawesome=&#8221;fa fa-file-text-o&#8221; add_icon=&#8221;true&#8221; title=&#8221;Descriere&#8221; tab_id=&#8221;1579979003987-bf6b0eac-f77b1f26-df74&#8243;][vc_column_text css=&#8221;.vc_custom_1605811653646{margin-top: 34px !important;margin-bottom: 34px !important;}&#8221;]<b>Func\u021bia<\/b><\/p>\n<p>\u00cen zonele urbane, unele fante de ventila\u021bie nu pot fi blocate u\u0219or \u00een cazul apari\u021biei unei inunda\u021bii. Solu\u021bia noastr\u0103 este de a instala un \u0219emineu mobil din aluminiu, fixat pe podea sau perete, \u00een partea superioar\u0103 cu grile de aerisire, etan\u0219at cu garnituri de etan\u0219are periferic\u0103.<\/p>\n<p><b>Proiectarea<\/b><\/p>\n<p>Modelul nostru este realizat pentru a fi u\u0219or de demontat \u0219i de instalat manual, f\u0103r\u0103 asisten\u021b\u0103 mecanic\u0103 (ex., cu macaraua). Componentele pot fi fabricate dup\u0103 criterii specifice locale de proiectare.<\/p>\n<p>\u00cen func\u021bie de cerin\u021be, diblurile \u0219i \u0219uruburile din o\u021bel inoxidabil pot fi protejate de murd\u0103rie etc.<\/p>\n<p><b>Caracteristici<\/b><\/p>\n<p>Proiectarea \u0219i fabricarea produselor noastre se bazeaz\u0103 pe cerin\u021be specifice care permit solu\u021bii mecanice \u0219i hidraulice pentru ad\u00e2ncimi de ap\u0103 \u00eentre 1 \u0219i 3 metri.[\/vc_column_text][\/vc_tta_section][vc_tta_section i_icon_fontawesome=&#8221;fa fa-handshake-o&#8221; add_icon=&#8221;true&#8221; title=&#8221;Garan\u021bie&#8221; tab_id=&#8221;1579979985630-25d11eaf-c97d1f26-df74&#8243;][vc_column_text css=&#8221;.vc_custom_1606224237275{margin-top: 34px !important;margin-bottom: 34px !important;}&#8221;]<\/p>\n<div class=\"t\"><strong>GARAN\u021aIE BERGTEC MSU<\/strong><\/div>\n<div class=\"s\">\n<ul>\n<li>o rat\u0103 de scurgere foarte sc\u0103zut\u0103 &lt;2,3 litri\/or\u0103\/mp<\/li>\n<li>instalare rapid\u0103 \u0219i u\u0219oar\u0103: 5 min\/mp de baraj<\/li>\n<li>sistem \u00een \u00eentregime demontabil\/mobil<\/li>\n<li>aliaje de \u00eenalt\u0103 rezisten\u021b\u0103 mecanic\u0103<\/li>\n<li>adecvat pentru regiunile foarte calde sau foarte reci (test\u0103ri la temperaturi de -60 \u00b0 C)<\/li>\n<li>nu necesit\u0103 mentenan\u021b\u0103<\/li>\n<li>barajele anti-inunda\u021bii sunt garantate 20 de ani<\/li>\n<\/ul>\n<\/div>\n<p>&nbsp;<\/p>\n<div class=\"t\"><strong>CONDUCEM INTREGUL PROCES DE FABRICATIE<\/strong><\/div>\n<div class=\"s\">\n<ul>\n<li>protec\u021bie fabricat\u0103 \u00een \u00eentregime din aliaje de aluminiu marin furnizate de o companie multina\u021bional\u0103 elve\u021bian\u0103 de extrudare a aluminiului<\/li>\n<li>avem propriu nostru atelier de inginerie cu personal de expertiz\u0103<\/li>\n<li>lu\u0103m \u00een considerare studiile de teren pentru a planifica \u00een colaborare cu operatorul de funda\u021bie st\u00e2lpii no\u0219tri intermediari de sprijin<\/li>\n<li>produsele pe care le livr\u0103m sunt gata s\u0103 fie instalate datorit\u0103 fabric\u0103rii cu precizie milimetric\u0103<\/li>\n<li>datorit\u0103 experien\u021bei noastre \u00eendelungate, \u00eenceput\u0103 \u00een anul 1970, suntem capabili s\u0103 afl\u0103m \u0219i s\u0103 oferim cel mai bun sistem de baraje anti-inunda\u021bii potrivit cerin\u021belor dumneavoastr\u0103!<\/li>\n<\/ul>\n<\/div>\n<p>[\/vc_column_text][\/vc_tta_section][vc_tta_section i_icon_fontawesome=&#8221;fa fa-picture-o&#8221; add_icon=&#8221;true&#8221; title=&#8221;Galerie&#8221; tab_id=&#8221;1579979004025-7d17bdc9-51741f26-df74&#8243;][vc_masonry_media_grid item=&#8221;masonryMedia_SlideTop&#8221; initial_loading_animation=&#8221;fadeIn&#8221; grid_id=&#8221;vc_gid:1606224134520-2ca37a22-d620-0&#8243; include=&#8221;779,777,778&#8243; css=&#8221;.vc_custom_1581520515491{margin-top: 30px !important;margin-bottom: 60px !important;}&#8221;][\/vc_tta_section][\/vc_tta_tabs][\/vc_column][\/vc_row]<\/p>\n<\/div>","protected":false},"excerpt":{"rendered":"<p>[vc_row][vc_column][vc_custom_heading text=&#8221;Capace etan\u0219e de ventila\u021bie&#8221; use_theme_fonts=&#8221;yes&#8221; css=&#8221;.vc_custom_1580038424628{margin-bottom: 34px !important;}&#8221;][vc_custom_heading text=&#8221;&#8221; font_container=&#8221;tag:div|text_align:left&#8221; use_theme_fonts=&#8221;yes&#8221; css=&#8221;.vc_custom_1579979175621{margin-bottom: 34px !important;}&#8221;][vc_tta_tabs style=&#8221;modern&#8221; shape=&#8221;square&#8221; spacing=&#8221;2&#8243; active_section=&#8221;1&#8243; css=&#8221;.vc_custom_1579979045895{margin-top: [&hellip;]<\/p>\n","protected":false},"author":2,"featured_media":0,"parent":0,"menu_order":7,"comment_status":"closed","ping_status":"closed","template":"","meta":{"footnotes":""},"class_list":["post-478","page","type-page","status-publish","hentry"],"aioseo_notices":[],"_links":{"self":[{"href":"https:\/\/www.bergtecprotection.com\/ro\/wp-json\/wp\/v2\/pages\/478","targetHints":{"allow":["GET"]}}],"collection":[{"href":"https:\/\/www.bergtecprotection.com\/ro\/wp-json\/wp\/v2\/pages"}],"about":[{"href":"https:\/\/www.bergtecprotection.com\/ro\/wp-json\/wp\/v2\/types\/page"}],"author":[{"embeddable":true,"href":"https:\/\/www.bergtecprotection.com\/ro\/wp-json\/wp\/v2\/users\/2"}],"replies":[{"embeddable":true,"href":"https:\/\/www.bergtecprotection.com\/ro\/wp-json\/wp\/v2\/comments?post=478"}],"version-history":[{"count":0,"href":"https:\/\/www.bergtecprotection.com\/ro\/wp-json\/wp\/v2\/pages\/478\/revisions"}],"wp:attachment":[{"href":"https:\/\/www.bergtecprotection.com\/ro\/wp-json\/wp\/v2\/media?parent=478"}],"curies":[{"name":"wp","href":"https:\/\/api.w.org\/{rel}","templated":true}]}}

Capace etanșe de ventilație

<div class="wpb-content-wrapper"><p>[vc_row][vc_column][vc_custom_heading text=&#8221;Capace etanșe de ventilație&#8221; use_theme_fonts=&#8221;yes&#8221; css=&#8221;.vc_custom_1580038424628{margin-bottom: 34px !important;}&#8221;][vc_custom_heading text=&#8221;&#8221; font_container=&#8221;tag:div|text_align:left&#8221; use_theme_fonts=&#8221;yes&#8221; css=&#8221;.vc_custom_1579979175621{margin-bottom: 34px !important;}&#8221;][vc_tta_tabs style=&#8221;modern&#8221; shape=&#8221;square&#8221; spacing=&#8221;2&#8243; active_section=&#8221;1&#8243; css=&#8221;.vc_custom_1579979045895{margin-top: 34px !important;margin-bottom: 60px !important;}&#8221;][vc_tta_section i_icon_fontawesome=&#8221;fa fa-file-text-o&#8221; add_icon=&#8221;true&#8221; title=&#8221;Descriere&#8221; tab_id=&#8221;1579979003987-bf6b0eac-f77b1f26-df74&#8243;][vc_column_text css=&#8221;.vc_custom_1605811653646{margin-top: 34px !important;margin-bottom: 34px !important;}&#8221;]<b>Funcția</b></p>
<p>În zonele urbane, unele fante de ventilație nu pot fi blocate ușor în cazul apariției unei inundații. Soluția noastră este de a instala un șemineu mobil din aluminiu, fixat pe podea sau perete, în partea superioară cu grile de aerisire, etanșat cu garnituri de etanșare periferică.</p>
<p><b>Proiectarea</b></p>
<p>Modelul nostru este realizat pentru a fi ușor de demontat și de instalat manual, fără asistență mecanică (ex., cu macaraua). Componentele pot fi fabricate după criterii specifice locale de proiectare.</p>
<p>În funcție de cerințe, diblurile și șuruburile din oțel inoxidabil pot fi protejate de murdărie etc.</p>
<p><b>Caracteristici</b></p>
<p>Proiectarea și fabricarea produselor noastre se bazează pe cerințe specifice care permit soluții mecanice și hidraulice pentru adâncimi de apă între 1 și 3 metri.[/vc_column_text][/vc_tta_section][vc_tta_section i_icon_fontawesome=&#8221;fa fa-handshake-o&#8221; add_icon=&#8221;true&#8221; title=&#8221;Garanție&#8221; tab_id=&#8221;1579979985630-25d11eaf-c97d1f26-df74&#8243;][vc_column_text css=&#8221;.vc_custom_1606224237275{margin-top: 34px !important;margin-bottom: 34px !important;}&#8221;]</p>
<div class="t"><strong>GARANȚIE BERGTEC MSU</strong></div>
<div class="s">
<ul>
<li>o rată de scurgere foarte scăzută &lt;2,3 litri/oră/mp</li>
<li>instalare rapidă și ușoară: 5 min/mp de baraj</li>
<li>sistem în întregime demontabil/mobil</li>
<li>aliaje de înaltă rezistență mecanică</li>
<li>adecvat pentru regiunile foarte calde sau foarte reci (testări la temperaturi de -60 ° C)</li>
<li>nu necesită mentenanță</li>
<li>barajele anti-inundații sunt garantate 20 de ani</li>
</ul>
</div>
<p>&nbsp;</p>
<div class="t"><strong>CONDUCEM INTREGUL PROCES DE FABRICATIE</strong></div>
<div class="s">
<ul>
<li>protecție fabricată în întregime din aliaje de aluminiu marin furnizate de o companie multinațională elvețiană de extrudare a aluminiului</li>
<li>avem propriu nostru atelier de inginerie cu personal de expertiză</li>
<li>luăm în considerare studiile de teren pentru a planifica în colaborare cu operatorul de fundație stâlpii noștri intermediari de sprijin</li>
<li>produsele pe care le livrăm sunt gata să fie instalate datorită fabricării cu precizie milimetrică</li>
<li>datorită experienței noastre îndelungate, începută în anul 1970, suntem capabili să aflăm și să oferim cel mai bun sistem de baraje anti-inundații potrivit cerințelor dumneavoastră!</li>
</ul>
</div>
<p>[/vc_column_text][/vc_tta_section][vc_tta_section i_icon_fontawesome=&#8221;fa fa-picture-o&#8221; add_icon=&#8221;true&#8221; title=&#8221;Galerie&#8221; tab_id=&#8221;1579979004025-7d17bdc9-51741f26-df74&#8243;][vc_masonry_media_grid item=&#8221;masonryMedia_SlideTop&#8221; initial_loading_animation=&#8221;fadeIn&#8221; grid_id=&#8221;vc_gid:1606224134520-2ca37a22-d620-0&#8243; include=&#8221;779,777,778&#8243; css=&#8221;.vc_custom_1581520515491{margin-top: 30px !important;margin-bottom: 60px !important;}&#8221;][/vc_tta_section][/vc_tta_tabs][/vc_column][/vc_row]</p>
</div>

<p>[vc_row][vc_column][vc_custom_heading text=&#8221;Capace etanșe de ventilație&#8221; use_theme_fonts=&#8221;yes&#8221; css=&#8221;.vc_custom_1580038424628{margin-bottom: 34px !important;}&#8221;][vc_custom_heading text=&#8221;&#8221; font_container=&#8221;tag:div|text_align:left&#8221; use_theme_fonts=&#8221;yes&#8221; css=&#8221;.vc_custom_1579979175621{margin-bottom: 34px !important;}&#8221;][vc_tta_tabs style=&#8221;modern&#8221; shape=&#8221;square&#8221; spacing=&#8221;2&#8243; active_section=&#8221;1&#8243; css=&#8221;.vc_custom_1579979045895{margin-top: [&hellip;]</p>
